 the greatest common factor of 30 and w.
10
Let d(t) = -51*t - 449. Let f be d(-9). Suppose 0 = -3*l + 5*l + 2*s - 94, -85 = -2*l - 5*s. Calculate the greatest common divisor of l and f.
10
Suppose 4*o - 4*q - 12 = 0, 0 = 4*o + 5*q - 13 - 26. Calculate the greatest common divisor of 27 and o.
3
Suppose c = 2*c - 96. Let u = 125 + -113. Calculate the highest common factor of c and u.
12
Suppose -o - 31 = 3*l, -3*o - 2*o - 45 = 5*l. Let w(h) = -h**2 - 19*h + 2. Let a be w(l). Calculate the highest common divisor of 36 and a.
18
Suppose z - 3 - 2 = 0. Suppose -z*w + 2*l + 34 + 52 = 0, 2*l - 40 = -2*w. Suppose -d + 3 + 15 = 0. What is the greatest common factor of d and w?
18
Let o = -33 - -368. Calculate the highest common factor of o and 134.
67
Let q be (-142709)/(-348) - (-3)/(-36). Calculate the highest common factor of q and 20.
10
Let d be (6/8)/(40/640). Calculate the greatest common factor of d and 12.
12
Let w(v) = 2*v + 2. Let b be w(-3). Let l(n) = n**3 + 4*n**2 - 2*n - 6. Let g be l(b). Suppose p + g - 8 = 0. Calculate the greatest common factor of 6 and p.
6
Let m be ((-5)/(-9))/(47/2115). Calculate the highest common factor of 240 and m.
5
Let k be 12/(-30)*(-30)/2. Let c be (-18)/(0 - 4/k). Suppose 5 = 5*r, -3*r + 46 = 5*y - c. What is the highest common divisor of 7 and y?
7
Let j = 272 + -217. What is the highest common divisor of 33 and j?
11
Let r be (3 + -2)/(-1)*10. Let s be (4 - (-65)/r)*-2. Suppose 2*y - 3*y + 3*a = -s, 2*y - 15 = 5*a. What is the highest common divisor of y and 20?
20
Let k be ((-42)/4)/(-7)*(-448)/(-42). What is the greatest common factor of 368 and k?
16
Let o be 1 + 0 + -5 + 1 + 371. Calculate the highest common divisor of o and 32.
16
Suppose 3*j - 21 - 51 = 0. Let a be 3/((-9)/j)*-1. Suppose v + 3*v = -a, y - 2*v = 16. What is the greatest common factor of y and 3?
3
Suppose -5*s = 6*h - 4*h - 2034, 2022 = 5*s - 4*h. What is the highest common factor of s and 14?
14
Suppose 0 = 5*h - 5, 4*h - 4 = 8*s - 9*s. Suppose -3*r - 4*f = f - 179, s = -r + 3*f + 69. What is the greatest common divisor of 21 and r?
21
Let q(u) = -u**2 - 7*u - 11. Let f be q(-9). Let l = -14 - f. Let d = 7 - 4. Calculate the greatest common factor of d and l.
3
Let n(k) = -35*k - 14. Let j be n(-2). Suppose 42 = 3*i - 3*z - 2*z, j = 4*i - 3*z. Suppose -3*v + 101 + 4 = 0. Calculate the highest common divisor of i and v.
7
Suppose -2*d = -2*n - 10, -3*n = -4*d - 7*n + 20. What is the highest common factor of d and 40?
5
Suppose 0 = 3*t - 0*t - 3. Suppose -3*c - 11 = t. Let o be c/((-1)/(3/6)). What is the highest common divisor of 18 and o?
2
Suppose -3*a + 3*m + 186 = 0, 4*a = m + 24 + 218. Suppose 4*z - 320 = -a. What is the highest common factor of 26 and z?
13
Let c(v) = 2*v**2 - 9*v + 6. Let y be c(7). Let p = y + -39. Suppose 0 = 3*i + i - 16. What is the highest common divisor of i and p?
2
Suppose 4*x - 6 = 2*b, -2*x = 5*b + 3*x + 90. Let f = b + 7. Let j be f/(-14) + (-352)/(-28). What is the greatest common factor of j and 143?
13
Let r be (-4)/(-1 + (0 - -3)). Let k(b) = -5*b + 6. Let w be k(r). Suppose -2*p + p + w = 0. What is the highest common factor of 2 and p?
2
Let y be 54 + 2/(-4) + 7/2. Let l = 77 - y. What is the highest common factor of 4 and l?
4
Let d = -267 + 1079. What is the greatest common factor of 28 and d?
28
Let m = 10 + -8. Suppose -2*a + m*y = -24, 3*a = -0*a - 5*y + 52. Suppose -u - t + 11 = 0, u - 7 - 13 = 2*t. What is the greatest common factor of u and a?
14
Let t = 241 - -351. Calculate the highest common factor of t and 37.
37
Let n be (-1 - (1 - 0)) + -13. Let y = n + 16. Suppose 3*l + y = 7. What is the highest common factor of l and 5?
1
Suppose 0 = 8*k - 432 + 16. What is the highest common factor of 4 and k?
4
Suppose -8*s = -6*s - 196. Let g = -53 + s. What is the greatest common divisor of g and 225?
45
Let c(g) = -g**2 - 11*g - 7. Let r be c(-10). Let w be (1 + 5 - r) + 118. Let x = 221 - w. What is the highest common divisor of x and 20?
20
Let k be (-6)/147*-7 + (-2)/7. Let s(h) be the first derivative of h**3/3 + h**2/2 + 14*h - 2. Let r be s(k). What is the highest common factor of 14 and r?
14
Suppose -2*y + 7*y - 135 = 0. Let m = y - 22. Let q(i) = i**2 - 2*i + 4. Let h be q(m). Calculate the highest common factor of h and 95.
19
Let m = 67 + -64. Suppose 77 = m*t + 44. Calculate the greatest common factor of t and 99.
11
Suppose -3*w + 62 = -b + 4, 4*b - 83 = -3*w. Calculate the greatest common divisor of w and 12.
3
Let b be ((-8375)/(-50))/(1/2). What is the highest common divisor of b and 67?
67
Let k be 3/((-4)/(-736)*12). Calculate the highest common factor of 115 and k.
23
Suppose 1956 = 21*d + 528. What is the greatest common divisor of 3604 and d?
68
Suppose 0 = 5*p + y - 19, -4*p = -2*p - 2*y - 10. Let o be p/4 - -2 - -2. Suppose -o = 3*j - 17. Calculate the highest common factor of 36 and j.
4
Let o = 56 - 40. Let q(s) = 3*s**2 - 80*s - 11. Let j be q(27). Calculate the greatest common factor of j and o.
16
Let f(b) = -b**2 + b - 2. Let j be f(2). Let k(z) = 4*z**2 - 6*z - 3. Let w be k(j). Suppose -3*y - 24 = -126. Calculate the greatest common divisor of w and y.
17
Suppose -a = -6*a - 2*d + 352, -a + 2*d = -80. What is the highest common divisor of a and 45?
9
Suppose -3*q + q = 80. Let n = -27 - q. Let k(s) = 52*s**2. Let p be k(1). Calculate the greatest common factor of n and p.
13
Suppose 0 = 542*t - 537*t - 2555. What is the greatest common factor of t and 21?
7
Suppose 3*t + 8 = 5*k, 4*t = 3*k + k. Suppose k*j - 8*j = -16. Suppose -92 = -j*s - p, 2*p = -4*s - 23 + 111. Calculate the highest common factor of 3 and s.
3
Let j be 0 + (-536)/(3 + -7). Suppose 4*b - j - 66 = 0. Suppose -14 = 4*n - 54. Calculate the greatest common divisor of b and n.
10
Suppose -m - 6*m = -84. What is the highest common factor of m and 3?
3
Let o be (-162)/24*-6*24/27. What is the highest common factor of o and 708?
12
Let h be (60/(-8) + 3)*-2. Suppose -h*m + 800 = -4*m. What is the highest common factor of m and 32?
32
Let c(d) = 5*d + 6. Let w be c(5). Let a = -26 + w. Calculate the highest common factor of 5 and a.
5
Let n be 6/(-8)*14*(-16)/(-6). Let f = 52 + n. Calculate the highest common factor of f and 32.
8
Let k be (-8)/(-6)*15/2. Let o be (-4)/k + (-884)/(-10). Let z be (99/(-9))/(1 + (-9)/6). Calculate the highest common factor of z and o.
22
Suppose 76*g - 14 - 898 = 0. Calculate the greatest common factor of g and 150.
6
Let t be ((-6)/24)/((-1)/(-4)). Let c be ((-2)/8)/(t/12). Suppose -o + c*s - 5 = 0, 0 = 2*s - 0*s - 8. Calculate the highest common divisor of 56 and o.
7
Let w(b) = -b**3 + 6*b**2 - 2*b + 160. Let i be w(0). Calculate the greatest common factor of i and 60.
20
Let o be 27 + (-2 - (-3)/1). Let s be (245/(-3))/(-7)*(-30)/(-25). What is the greatest common divisor of o and s?
14
Let c(y) be the third derivative of -y**4/6 - y**3/3 - 11*y**2. Let n be -8 + (-1)/(-2)*0. Let h be c(n). What is the greatest common factor of 45 and h?
15
Let u = -536 + 830. What is the greatest common divisor of u and 42?
42
Suppose 4*q = 3*f + 2240, 3*f - 1680 = -8*q + 5*q. Calculate the greatest common factor of 32 and q.
16
Let m(v) = 11*v**2. Suppose -5*t + 9 = -96. Let x be 9/t + (-4)/(-7). Let s be m(x). What is the highest common divisor of s and 77?
11
Suppose -225 = -7*m - 113. Calculate the greatest common divisor of 40 and m.
8
Let v = 558 + -503. Calculate the greatest common factor of v and 319.
11
Let g = 17 + -11. Let u be 2/(-6) + 40/12. What is the greatest common divisor of g and u?
3
Suppose -100 = -5*z + 670. Calculate the highest common factor of z and 14.
14
Suppose 5*a - 50 - 105 = 4*j, 4*a = 5*j + 124. Let b = 396 + -148. What is the greatest common factor of a and b?
31
Let y = 6 - 40. Let k = 5 - y. Calculate the greatest common divisor of k and 26.
13
Let x be 3 - (9 - 1 - 4) - -4. Suppose -90 = -x*i - 12. Calculate the highest common divisor of i and 65.
13
Let g(v) = -2*v - 1. Suppose 0 = -d + 15. Let y = d - 24. Let h be g(y). What is the greatest common factor of 85 and h?
17
Let v(k) = 2*k - 9. Let h be v(3). Let d = 5 - 7. Let r be (h/d)/(2/44). What is the highest common divisor of r and 22?
11
Suppose -8*n - 5*g = -4*n - 755, 0 = 3*n 